alse
Is 350 a factor of 177759863?
False
Is 501 a factor of 809477053?
False
Does 6159 divide 174866328?
True
Does 1478 divide 507038246?
True
Is 34986 a multiple of 135?
False
Does 357 divide 799544697?
True
Does 14 divide 5063118?
False
Is 34826636 a multiple of 52?
True
Is 29 a factor of 1863656?
True
Is 601 a factor of 50889675?
True
Does 8 divide 49823843?
False
Is 3069222 a multiple of 218?
True
Is 113 a factor of 14863907?
True
Is 638851860 a multiple of 1161?
True
Is 39 a factor of 186035499?
True
Is 55 a factor of 306625663?
False
Is 36099646 a multiple of 206?
True
Is 331625777 a multiple of 7?
True
Does 225 divide 271476450?
True
Is 16971470 a multiple of 113?
True
Is 12929325 a multiple of 22?
False
Does 311 divide 7203071?
True
Is 161 a factor of 29966608?
True
Is 8 a factor of 674504432?
True
Is 20 a factor of 4687950460?
True
Is 36162681 a multiple of 501?
True
Is 141368981 a multiple of 41?
False
Is 5021758835 a multiple of 41?
False
Does 46 divide 664944904?
True
Is 18 a factor of 38502379?
False
Is 97806645 a multiple of 1461?
True
Does 325 divide 46433278?
False
Is 546193494 a multiple of 38?
True
Does 54 divide 3261592?
False
Does 9 divide 42904440?
True
Does 103 divide 18769277?
False
Is 95916224 a multiple of 58?
True
Is 49244607 a multiple of 33?
False
Is 292568694 a multiple of 33?
True
Is 56798298 a multiple of 318?
True
Is 6983117 a multiple of 76?
False
Is 5 a factor of 552440358?
False
Is 70533523 a multiple of 102?
False
Is 384368882 a multiple of 313?
False
Is 641 a factor of 804571973?
False
Does 272 divide 43780889?
False
Is 24717511 a multiple of 5?
False
Is 1589953284 a multiple of 36?
True
Is 53645955 a multiple of 5?
True
Is 8569764 a multiple of 126?
True
Is 3118738520 a multiple of 436?
True
Is 350965005 a multiple of 113?
True
Does 41 divide 399182738?
False
Does 62 divide 185397371?
False
Does 576 divide 315796382?
False
Does 5 divide 896818?
False
Does 277 divide 19817737?
False
Is 161 a factor of 23520545?
False
Is 150177801 a multiple of 847?
False
Is 1959276 a multiple of 44?
True
Does 66 divide 836432784?
True
Does 1705 divide 2009101022?
False
Is 6985 a factor of 388973695?
True
Is 4739 a factor of 4148552161?
False
Does 284 divide 248717992?
False
Is 3793 a factor of 103894063?
True
Is 2397074613 a multiple of 1651?
False
Is 43 a factor of 28618846?
False
Is 189965280 a multiple of 48?
True
Is 251259372 a multiple of 91?
True
Does 372 divide 145580823?
False
Does 117 divide 22447764?
False
Is 26 a factor of 347252594?
True
Is 7 a factor of 13763057?
True
Is 139453430 even?
True
Does 356 divide 82242945?
False
Does 26 divide 3356458?
False
Is 366 a factor of 2828880128?
False
Is 27490245 a multiple of 5?
True
Is 239 a factor of 294502253?
True
Is 286 a factor of 2770341574?
True
Does 47 divide 456334315?
False
Does 2 divide 10797067?
False
Does 18 divide 273863880?
True
Is 432317682 a multiple of 591?
True
Is 33671147 a multiple of 10?
False
Does 275 divide 7467484?
False
Is 20 a factor of 2267867084?
False
Does 5 divide 5500345?
True
Is 3717 a factor of 52023132?
True
Is 35085751 a multiple of 28?
False
Is 3116110 a multiple of 983?
True
Is 138940793 a multiple of 17?
False
Does 473 divide 38027058?
False
Is 26920184 a multiple of 212?
True
Is 55 a factor of 62638950?
True
Does 849 divide 288897415?
False
Is 7182250 a multiple of 26?
False
Is 54948562 a multiple of 13?
False
Does 10 divide 17755476?
False
Does 3 divide 26578487?
False
Is 361835881 a multiple of 11?
True
Does 24 divide 25045008?
True
Is 2723 a factor of 187680052?
True
Is 3123 a factor of 29424906?
True
Does 11 divide 6073501?
False
Does 15 divide 29406819?
False
Is 1568 a factor of 97937280?
True
Is 74575861 a multiple of 102?
False
Is 52 a factor of 209383879?
False
Is 335573616 a multiple of 336?
True
Does 1178 divide 574704768?
False
Does 156 divide 16608540?
True
Is 10 a factor of 99869465?
False
Is 1072 a factor of 131758448?
True
Does 19 divide 554662554?
True
Does 25 divide 34404754?
False
Is 1959 a factor of 1943976675?
False
Is 1587960 a multiple of 20?
True
Is 1738 a factor of 1591420829?
False
Does 16830 divide 1368120129?
False
Is 2402 a factor of 265871935?
False
Is 258656250 a multiple of 625?
True
Is 916 a factor of 3785001878?
False
Does 56 divide 130167093?
False
Does 380 divide 599065315?
False
Does 23 divide 12472486?
True
Does 305 divide 418965165?
False
Is 6489156 a multiple of 841?
True
Is 3149110 a multiple of 5?
True
Is 76 a factor of 377724505?
False
Is 22 a factor of 681576292?
False
Does 15106 divide 2783869634?
True
Does 14 divide 264746054?
False
Does 1004 divide 592954368?
True
Is 1510680680 a multiple of 8?
True
Does 4249 divide 4979868867?
False
Is 4 a factor of 49211531?
False
Does 1084 divide 107260561?
False
Does 140 divide 51874340?
True
Is 2188 a factor of 30840878?
False
Is 14 a factor of 170657981?
False
Is 304 a factor of 33965920?
True
Is 451221287 a multiple of 2653?
False
Does 192 divide 30384192?
True
Is 120 a factor of 3685680?
True
Is 75012808 a multiple of 106?
True
Is 228 a factor of 104693672?
False
Is 11936374 a multiple of 10?
False
Does 35 divide 160195035?
True
Is 5646755 a multiple of 3176?
False
Is 156862617 a multiple of 255?
False
Is 16045780 a multiple of 246?
False
Does 390 divide 526155553?
False
Is 1825071270 a multiple of 5?
True
Is 723204855 a multiple of 27?
True
Does 2066 divide 39578362?
True
Does 36 divide 126540936?
True
Does 66 divide 1319851522?
False
Is 64 a factor of 6704338?
False
Is 971 a factor of 224970019?
True
Does 1345 divide 506328876?
False
Does 565 divide 701893087?
False
Is 893057010 a multiple of 514?
True
Is 14 a factor of 62171955?
False
Is 13285 a factor of 2910052680?
True
Is 84360846 a multiple of 323?
False
Is 57 a factor of 1333576499?
False
Is 14421151 a multiple of 4?
False
Does 547 divide 678579756?
True
Is 989 a factor of 509026963?
False
Is 355 a factor of 23444910?
True
Is 2456 a factor of 113462186?
False
Is 51438912 a multiple of 96?
True
Is 51 a factor of 3326328?
False
Does 716 divide 29564356?
True
Is 604052256 a multiple of 712?
True
Is 1396197 a multiple of 3?
True
Is 39997447 a multiple of 3392?
False
Is 1300680508 a multiple of 414?
False
Does 1176 divide 13426392?
True
Is 8255070 a multiple of 666?
True
Is 2369080075 a multiple of 3753?
False
Does 9 divide 254361689?
False
Is 13 a factor of 88869092?
True
Is 265 a factor of 27607457?
False
Is 247567297 a multiple of 28?
False
Does 188 divide 126260291?
False
Is 485 a factor of 1743090?
True
Is 3780260 a multiple of 16?
False
Is 4222368905 a multiple of 29?
False
Is 42 a factor of 616081889?
False
Does 167 divide 408922252?
False
Is 70058584 a multiple of 11?
False
Does 1760 divide 542914240?
True
Does 148 divide 19228472?
False
Is 179 a factor of 1938175208?
False
Does 19 divide 647739982?
True
Is 828119 a multiple of 58?
False
Is 17567387 a multiple of 2424?
False
Is 154439503 a multiple of 23?
True
Is 1094 a factor of 38159814?
True
Does 17 divide 270404397?
True
Does 1663 divide 39379068?
False
Does 274 divide 623820732?
True
Is 5202702 a multiple of 9?
True
Is 1797 a factor of 444635304?
True
Is 26777059 a multiple of 233?
True
Is 3634406154 a multiple of 10?
False
Does 253 divide 1855825334?
True
Is 132 a factor of 194922701?
False
Is 2640 a factor of 184095644?
False
Is 244238421 a multiple of 989?
False
Does 11 divide 9652423?
True
Is 829531127 a multiple of 932?
False
Does 349 divide 51036015?
True
Is 3147179385 a multiple of 21?
True
Is 6504 a factor of 973655304?
True
Does 9 divide 4269539?
False
Is 7435 a factor of 2479820247?
False
Is 21269913 a multiple of 1239?
True
Is 26 a factor of 216660162?
False
Is 34 a factor of 294884108?
True
Is 792632640 a multiple of 2130?
True
Is 23 a factor of 170337249?
False
Is 294 a factor of 97241382?
True
Does 444 divide 1843526?
False
Does 39 divide 2589896?
False
Is 166 a factor of 61564048?
False
Is 97357280 a multiple of 32?
True
Is 215184407 a multiple of 370?
False
Is 273577416 a multiple of 609?
True
Does 1496 divide 65806048?
True
Does 799 divide 33721684?
False
Does 2004 divide 918569472?
True
Is 15 a factor of 53529916?
False
Is 3111 a factor of 594717522?
False
Is 82 a factor of 587255495?
False
Is 12 a factor of